{"id":3,"date":"2023-03-27T17:01:16","date_gmt":"2023-03-27T17:01:16","guid":{"rendered":"https:\/\/marmoleslamontana.es\/?page_id=3"},"modified":"2023-04-03T11:37:23","modified_gmt":"2023-04-03T11:37:23","slug":"politica-privacidad","status":"publish","type":"page","link":"https:\/\/marmoleslamontana.es\/index.php\/politica-privacidad\/","title":{"rendered":"Pol\u00edtica de privacidad"},"content":{"rendered":"\n<p>En M\u00e1rmoles La Monta\u00f1a, nos tomamos muy en serio la privacidad de nuestros clientes y usuarios. Esta pol\u00edtica de privacidad describe c\u00f3mo recopilamos, utilizamos y protegemos la informaci\u00f3n personal que se nos proporciona a trav\u00e9s de nuestro sitio web.<\/p>\n\n\n\n<p>Recopilaci\u00f3n de informaci\u00f3n personal Recopilamos informaci\u00f3n personal cuando los usuarios la proporcionan voluntariamente al contactarnos a trav\u00e9s de nuestro formulario de contacto. Esta informaci\u00f3n incluye el nombre, direcci\u00f3n de correo electr\u00f3nico, n\u00famero de tel\u00e9fono y cualquier otra informaci\u00f3n que los usuarios decidan proporcionarnos.<\/p>\n\n\n\n<p>Uso de la informaci\u00f3n personal La informaci\u00f3n personal recopilada se utilizar\u00e1 \u00fanicamente para responder a las consultas y solicitudes de los usuarios y para enviar informaci\u00f3n relevante sobre nuestra empresa, productos y servicios. En ning\u00fan caso compartiremos, venderemos o alquilaremos esta informaci\u00f3n a terceros sin el consentimiento expl\u00edcito del usuario.<\/p>\n\n\n\n<p>Protecci\u00f3n de la informaci\u00f3n personal M\u00e1rmoles La Monta\u00f1a se compromete a proteger la informaci\u00f3n personal de nuestros clientes y usuarios. Implementamos medidas de seguridad razonables para garantizar que la informaci\u00f3n personal est\u00e9 protegida contra p\u00e9rdida, mal uso, acceso no autorizado, divulgaci\u00f3n, alteraci\u00f3n o destrucci\u00f3n.<\/p>\n\n\n\n<p>Pol\u00edtica de cookies M\u00e1rmoles La Monta\u00f1a utiliza cookies para mejorar la experiencia del usuario en nuestro sitio web. Las cookies son peque\u00f1os archivos que se almacenan en el dispositivo del usuario y se utilizan para recopilar informaci\u00f3n sobre su uso del sitio web. Al usar nuestro sitio web, los usuarios aceptan el uso de cookies de acuerdo con esta pol\u00edtica de privacidad.<\/p>\n\n\n\n<p>Cambios en la pol\u00edtica de privacidad M\u00e1rmoles La Monta\u00f1a se reserva el derecho de actualizar esta pol\u00edtica de privacidad en cualquier momento. Los cambios se publicar\u00e1n en esta p\u00e1gina y entrar\u00e1n en vigencia inmediatamente.<\/p>\n","protected":false},"excerpt":{"rendered":"<p>En M\u00e1rmoles La Monta\u00f1a, nos tomamos muy en serio la privacidad de nuestros clientes y usuarios. Esta pol\u00edtica de privacidad describe c\u00f3mo recopilamos, utilizamos y protegemos la informaci\u00f3n personal que se nos proporciona a trav\u00e9s de nuestro sitio web. Recopilaci\u00f3n de informaci\u00f3n personal Recopilamos informaci\u00f3n personal cuando los usuarios la proporcionan voluntariamente al contactarnos a &hellip;<\/p>\n<p class=\"read-more\"> <a class=\"\" href=\"https:\/\/marmoleslamontana.es\/index.php\/politica-privacidad\/\"> <span class=\"screen-reader-text\">Pol\u00edtica de privacidad<\/span> Leer m\u00e1s &raquo;<\/a><\/p>\n","protected":false},"author":1,"featured_media":0,"parent":0,"menu_order":0,"comment_status":"closed","ping_status":"open","template":"","meta":{"_uag_custom_page_level_css":"","site-sidebar-layout":"default","site-content-layout":"default","ast-global-header-display":"","ast-main-header-display":"","ast-hfb-above-header-display":"","ast-hfb-below-header-display":"","ast-hfb-mobile-header-display":"","site-post-title":"","ast-breadcrumbs-content":"","ast-featured-img":"","footer-sml-layout":"","theme-transparent-header-meta":"","adv-header-id-meta":"","stick-header-meta":"","header-above-stick-meta":"","header-main-stick-meta":"","header-below-stick-meta":"","footnotes":""},"class_list":["post-3","page","type-page","status-publish","hentry"],"yoast_head":"<!-- This site is optimized with the Yoast SEO plugin v24.2 - https:\/\/yoast.com\/wordpress\/plugins\/seo\/ -->\n<title>Pol\u00edtica de privacidad - Marmoles La Monta\u00f1a<\/title>\n<meta name=\"robots\" content=\"index, follow, max-snippet:-1, max-image-preview:large, max-video-preview:-1\" \/>\n<link rel=\"canonical\" href=\"https:\/\/marmoleslamontana.es\/index.php\/politica-privacidad\/\" \/>\n<meta property=\"og:locale\" content=\"es_ES\" \/>\n<meta property=\"og:type\" content=\"article\" \/>\n<meta property=\"og:title\" content=\"Pol\u00edtica de privacidad - Marmoles La Monta\u00f1a\" \/>\n<meta property=\"og:description\" content=\"En M\u00e1rmoles La Monta\u00f1a, nos tomamos muy en serio la privacidad de nuestros clientes y usuarios. Esta pol\u00edtica de privacidad describe c\u00f3mo recopilamos, utilizamos y protegemos la informaci\u00f3n personal que se nos proporciona a trav\u00e9s de nuestro sitio web. Recopilaci\u00f3n de informaci\u00f3n personal Recopilamos informaci\u00f3n personal cuando los usuarios la proporcionan voluntariamente al contactarnos a &hellip; Pol\u00edtica de privacidad Leer m\u00e1s &raquo;\" \/>\n<meta property=\"og:url\" content=\"https:\/\/marmoleslamontana.es\/index.php\/politica-privacidad\/\" \/>\n<meta property=\"og:site_name\" content=\"Marmoles La Monta\u00f1a\" \/>\n<meta property=\"article:modified_time\" content=\"2023-04-03T11:37:23+00:00\" \/>\n<meta name=\"twitter:card\" content=\"summary_large_image\" \/>\n<meta name=\"twitter:label1\" content=\"Tiempo de lectura\" \/>\n\t<meta name=\"twitter:data1\" content=\"2 minutos\" \/>\n<script type=\"application\/ld+json\" class=\"yoast-schema-graph\">{\"@context\":\"https:\/\/schema.org\",\"@graph\":[{\"@type\":\"WebPage\",\"@id\":\"https:\/\/marmoleslamontana.es\/index.php\/politica-privacidad\/\",\"url\":\"https:\/\/marmoleslamontana.es\/index.php\/politica-privacidad\/\",\"name\":\"Pol\u00edtica de privacidad - Marmoles La Monta\u00f1a\",\"isPartOf\":{\"@id\":\"https:\/\/marmoleslamontana.es\/#website\"},\"datePublished\":\"2023-03-27T17:01:16+00:00\",\"dateModified\":\"2023-04-03T11:37:23+00:00\",\"breadcrumb\":{\"@id\":\"https:\/\/marmoleslamontana.es\/index.php\/politica-privacidad\/#breadcrumb\"},\"inLanguage\":\"es\",\"potentialAction\":[{\"@type\":\"ReadAction\",\"target\":[\"https:\/\/marmoleslamontana.es\/index.php\/politica-privacidad\/\"]}]},{\"@type\":\"BreadcrumbList\",\"@id\":\"https:\/\/marmoleslamontana.es\/index.php\/politica-privacidad\/#breadcrumb\",\"itemListElement\":[{\"@type\":\"ListItem\",\"position\":1,\"name\":\"Portada\",\"item\":\"https:\/\/marmoleslamontana.es\/\"},{\"@type\":\"ListItem\",\"position\":2,\"name\":\"Pol\u00edtica de privacidad\"}]},{\"@type\":\"WebSite\",\"@id\":\"https:\/\/marmoleslamontana.es\/#website\",\"url\":\"https:\/\/marmoleslamontana.es\/\",\"name\":\"Marmoles La Monta\u00f1a\",\"description\":\"\",\"publisher\":{\"@id\":\"https:\/\/marmoleslamontana.es\/#organization\"},\"potentialAction\":[{\"@type\":\"SearchAction\",\"target\":{\"@type\":\"EntryPoint\",\"urlTemplate\":\"https:\/\/marmoleslamontana.es\/?s={search_term_string}\"},\"query-input\":{\"@type\":\"PropertyValueSpecification\",\"valueRequired\":true,\"valueName\":\"search_term_string\"}}],\"inLanguage\":\"es\"},{\"@type\":\"Organization\",\"@id\":\"https:\/\/marmoleslamontana.es\/#organization\",\"name\":\"Marmoles La Monta\u00f1a\",\"url\":\"https:\/\/marmoleslamontana.es\/\",\"logo\":{\"@type\":\"ImageObject\",\"inLanguage\":\"es\",\"@id\":\"https:\/\/marmoleslamontana.es\/#\/schema\/logo\/image\/\",\"url\":\"https:\/\/marmoleslamontana.es\/wp-content\/uploads\/2023\/03\/Logo_marmoles_la_montana-removebg-preview.png\",\"contentUrl\":\"https:\/\/marmoleslamontana.es\/wp-content\/uploads\/2023\/03\/Logo_marmoles_la_montana-removebg-preview.png\",\"width\":555,\"height\":450,\"caption\":\"Marmoles La Monta\u00f1a\"},\"image\":{\"@id\":\"https:\/\/marmoleslamontana.es\/#\/schema\/logo\/image\/\"}}]}<\/script>\n<!-- \/ Yoast SEO plugin. -->","yoast_head_json":{"title":"Pol\u00edtica de privacidad - Marmoles La Monta\u00f1a","robots":{"index":"index","follow":"follow","max-snippet":"max-snippet:-1","max-image-preview":"max-image-preview:large","max-video-preview":"max-video-preview:-1"},"canonical":"https:\/\/marmoleslamontana.es\/index.php\/politica-privacidad\/","og_locale":"es_ES","og_type":"article","og_title":"Pol\u00edtica de privacidad - Marmoles La Monta\u00f1a","og_description":"En M\u00e1rmoles La Monta\u00f1a, nos tomamos muy en serio la privacidad de nuestros clientes y usuarios. Esta pol\u00edtica de privacidad describe c\u00f3mo recopilamos, utilizamos y protegemos la informaci\u00f3n personal que se nos proporciona a trav\u00e9s de nuestro sitio web. Recopilaci\u00f3n de informaci\u00f3n personal Recopilamos informaci\u00f3n personal cuando los usuarios la proporcionan voluntariamente al contactarnos a &hellip; Pol\u00edtica de privacidad Leer m\u00e1s &raquo;","og_url":"https:\/\/marmoleslamontana.es\/index.php\/politica-privacidad\/","og_site_name":"Marmoles La Monta\u00f1a","article_modified_time":"2023-04-03T11:37:23+00:00","twitter_card":"summary_large_image","twitter_misc":{"Tiempo de lectura":"2 minutos"},"schema":{"@context":"https:\/\/schema.org","@graph":[{"@type":"WebPage","@id":"https:\/\/marmoleslamontana.es\/index.php\/politica-privacidad\/","url":"https:\/\/marmoleslamontana.es\/index.php\/politica-privacidad\/","name":"Pol\u00edtica de privacidad - Marmoles La Monta\u00f1a","isPartOf":{"@id":"https:\/\/marmoleslamontana.es\/#website"},"datePublished":"2023-03-27T17:01:16+00:00","dateModified":"2023-04-03T11:37:23+00:00","breadcrumb":{"@id":"https:\/\/marmoleslamontana.es\/index.php\/politica-privacidad\/#breadcrumb"},"inLanguage":"es","potentialAction":[{"@type":"ReadAction","target":["https:\/\/marmoleslamontana.es\/index.php\/politica-privacidad\/"]}]},{"@type":"BreadcrumbList","@id":"https:\/\/marmoleslamontana.es\/index.php\/politica-privacidad\/#breadcrumb","itemListElement":[{"@type":"ListItem","position":1,"name":"Portada","item":"https:\/\/marmoleslamontana.es\/"},{"@type":"ListItem","position":2,"name":"Pol\u00edtica de privacidad"}]},{"@type":"WebSite","@id":"https:\/\/marmoleslamontana.es\/#website","url":"https:\/\/marmoleslamontana.es\/","name":"Marmoles La Monta\u00f1a","description":"","publisher":{"@id":"https:\/\/marmoleslamontana.es\/#organization"},"potentialAction":[{"@type":"SearchAction","target":{"@type":"EntryPoint","urlTemplate":"https:\/\/marmoleslamontana.es\/?s={search_term_string}"},"query-input":{"@type":"PropertyValueSpecification","valueRequired":true,"valueName":"search_term_string"}}],"inLanguage":"es"},{"@type":"Organization","@id":"https:\/\/marmoleslamontana.es\/#organization","name":"Marmoles La Monta\u00f1a","url":"https:\/\/marmoleslamontana.es\/","logo":{"@type":"ImageObject","inLanguage":"es","@id":"https:\/\/marmoleslamontana.es\/#\/schema\/logo\/image\/","url":"https:\/\/marmoleslamontana.es\/wp-content\/uploads\/2023\/03\/Logo_marmoles_la_montana-removebg-preview.png","contentUrl":"https:\/\/marmoleslamontana.es\/wp-content\/uploads\/2023\/03\/Logo_marmoles_la_montana-removebg-preview.png","width":555,"height":450,"caption":"Marmoles La Monta\u00f1a"},"image":{"@id":"https:\/\/marmoleslamontana.es\/#\/schema\/logo\/image\/"}}]}},"uagb_featured_image_src":{"full":false,"thumbnail":false,"medium":false,"medium_large":false,"large":false,"1536x1536":false,"2048x2048":false},"uagb_author_info":{"display_name":"administrador","author_link":"https:\/\/marmoleslamontana.es\/index.php\/author\/administrador\/"},"uagb_comment_info":0,"uagb_excerpt":"En M\u00e1rmoles La Monta\u00f1a, nos tomamos muy en serio la privacidad de nuestros clientes y usuarios. Esta pol\u00edtica de privacidad describe c\u00f3mo recopilamos, utilizamos y protegemos la informaci\u00f3n personal que se nos proporciona a trav\u00e9s de nuestro sitio web. Recopilaci\u00f3n de informaci\u00f3n personal Recopilamos informaci\u00f3n personal cuando los usuarios la proporcionan voluntariamente al contactarnos a&hellip;","_links":{"self":[{"href":"https:\/\/marmoleslamontana.es\/index.php\/wp-json\/wp\/v2\/pages\/3","targetHints":{"allow":["GET"]}}],"collection":[{"href":"https:\/\/marmoleslamontana.es\/index.php\/wp-json\/wp\/v2\/pages"}],"about":[{"href":"https:\/\/marmoleslamontana.es\/index.php\/wp-json\/wp\/v2\/types\/page"}],"author":[{"embeddable":true,"href":"https:\/\/marmoleslamontana.es\/index.php\/wp-json\/wp\/v2\/users\/1"}],"replies":[{"embeddable":true,"href":"https:\/\/marmoleslamontana.es\/index.php\/wp-json\/wp\/v2\/comments?post=3"}],"version-history":[{"count":2,"href":"https:\/\/marmoleslamontana.es\/index.php\/wp-json\/wp\/v2\/pages\/3\/revisions"}],"predecessor-version":[{"id":1075,"href":"https:\/\/marmoleslamontana.es\/index.php\/wp-json\/wp\/v2\/pages\/3\/revisions\/1075"}],"wp:attachment":[{"href":"https:\/\/marmoleslamontana.es\/index.php\/wp-json\/wp\/v2\/media?parent=3"}],"curies":[{"name":"wp","href":"https:\/\/api.w.org\/{rel}","templated":true}]}}